[INFO] cloning repository https://github.com/renato-zannon/rust-project_euler
[INFO] running `Command { std: "git" "-c" "credential.helper=" "-c" "credential.helper=/workspace/cargo-home/bin/git-credential-null" "clone" "--bare" "https://github.com/renato-zannon/rust-project_euler" "/workspace/cache/git-repos/https%3A%2F%2Fgithub.com%2Frenato-zannon%2Frust-project_euler", kill_on_drop: false }`
[INFO] [stderr] Cloning into bare repository '/workspace/cache/git-repos/https%3A%2F%2Fgithub.com%2Frenato-zannon%2Frust-project_euler'...
[INFO] running `Command { std: "git" "rev-parse" "HEAD", kill_on_drop: false }`
[INFO] [stdout] e57d405148a4ed7fd8760d32eeb6153c4b017479
[INFO] checking renato-zannon/rust-project_euler against try#72f88fc4e9458f89516a0b8b0868f3718aec5b47 for pr-74989
[INFO] running `Command { std: "git" "clone" "/workspace/cache/git-repos/https%3A%2F%2Fgithub.com%2Frenato-zannon%2Frust-project_euler" "/workspace/builds/worker-2/source", kill_on_drop: false }`
[INFO] [stderr] Cloning into '/workspace/builds/worker-2/source'...
[INFO] [stderr] done.
[INFO] validating manifest of git repo https://github.com/renato-zannon/rust-project_euler on toolchain 72f88fc4e9458f89516a0b8b0868f3718aec5b47
[INFO] running `Command { std: "/workspace/cargo-home/bin/cargo" "+72f88fc4e9458f89516a0b8b0868f3718aec5b47" "read-manifest" "--manifest-path" "Cargo.toml", kill_on_drop: false }`
[INFO] started tweaking git repo https://github.com/renato-zannon/rust-project_euler
[INFO] removed workspace from git repo https://github.com/renato-zannon/rust-project_euler
[INFO] removed path dependency shared from git repo https://github.com/renato-zannon/rust-project_euler
[INFO] finished tweaking git repo https://github.com/renato-zannon/rust-project_euler
[INFO] tweaked toml for git repo https://github.com/renato-zannon/rust-project_euler written to /workspace/builds/worker-2/source/Cargo.toml
[INFO] crate git repo https://github.com/renato-zannon/rust-project_euler already has a lockfile, it will not be regenerated
[INFO] running `Command { std: "/workspace/cargo-home/bin/cargo" "+72f88fc4e9458f89516a0b8b0868f3718aec5b47" "fetch" "--locked" "--manifest-path" "Cargo.toml", kill_on_drop: false }`
[INFO] [stderr] warning: dependency (shared) specified without providing a local path, Git repository, or version to use. This will be considered an error in future versions
[INFO] [stderr]     Updating crates.io index
[INFO] [stderr] error: the lock file /workspace/builds/worker-2/source/Cargo.lock needs to be updated but --locked was passed to prevent this
[INFO] [stderr] If you want to try to generate the lock file without accessing the network, use the --offline flag.
[INFO] the lockfile is outdated, regenerating it
[INFO] running `Command { std: "/workspace/cargo-home/bin/cargo" "+72f88fc4e9458f89516a0b8b0868f3718aec5b47" "generate-lockfile" "--manifest-path" "Cargo.toml" "-Zno-index-update", kill_on_drop: false }`
[INFO] running `Command { std: "/workspace/cargo-home/bin/cargo" "+72f88fc4e9458f89516a0b8b0868f3718aec5b47" "fetch" "--locked" "--manifest-path" "Cargo.toml", kill_on_drop: false }`
[INFO] [stderr] warning: dependency (shared) specified without providing a local path, Git repository, or version to use. This will be considered an error in future versions
[INFO] [stderr]     Blocking waiting for file lock on package cache
[INFO] [stderr]  Downloading crates ...
[INFO] [stderr]   Downloaded enum-set v0.0.8
[INFO] [stderr]   Downloaded shared v0.1.2
[INFO] [stderr]   Downloaded cortex-m v0.5.10
[INFO] running `Command { std: "docker" "create" "-v" "/var/lib/crater-agent-workspace/builds/worker-2/target:/opt/rustwide/target:rw,Z" "-v" "/var/lib/crater-agent-workspace/builds/worker-2/source:/opt/rustwide/workdir:ro,Z" "-v" "/var/lib/crater-agent-workspace/cargo-home:/opt/rustwide/cargo-home:ro,Z" "-v" "/var/lib/crater-agent-workspace/rustup-home:/opt/rustwide/rustup-home:ro,Z" "-e" "SOURCE_DIR=/opt/rustwide/workdir" "-e" "CARGO_TARGET_DIR=/opt/rustwide/target" "-e" "CARGO_HOME=/opt/rustwide/cargo-home" "-e" "RUSTUP_HOME=/opt/rustwide/rustup-home" "-w" "/opt/rustwide/workdir" "-m" "1610612736" "--user" "0:0" "--network" "none" "rustops/crates-build-env@sha256:d92eaeed33fa75130ca1ee6c8a01d1ffb62bac859dfdfb3450e3e5d1c0146529" "/opt/rustwide/cargo-home/bin/cargo" "+72f88fc4e9458f89516a0b8b0868f3718aec5b47" "metadata" "--no-deps" "--format-version=1", kill_on_drop: false }`
[INFO] [stdout] fdfda1ecf9fd4b19ba211dea202731118419f2b2e53f227cffb7dab778ee0787
[INFO] [stderr] WARNING: Your kernel does not support swap limit capabilities or the cgroup is not mounted. Memory limited without swap.
[INFO] running `Command { std: "docker" "start" "-a" "fdfda1ecf9fd4b19ba211dea202731118419f2b2e53f227cffb7dab778ee0787", kill_on_drop: false }`
[INFO] running `Command { std: "docker" "inspect" "fdfda1ecf9fd4b19ba211dea202731118419f2b2e53f227cffb7dab778ee0787", kill_on_drop: false }`
[INFO] running `Command { std: "docker" "rm" "-f" "fdfda1ecf9fd4b19ba211dea202731118419f2b2e53f227cffb7dab778ee0787", kill_on_drop: false }`
[INFO] [stdout] fdfda1ecf9fd4b19ba211dea202731118419f2b2e53f227cffb7dab778ee0787
[INFO] running `Command { std: "docker" "create" "-v" "/var/lib/crater-agent-workspace/builds/worker-2/target:/opt/rustwide/target:rw,Z" "-v" "/var/lib/crater-agent-workspace/builds/worker-2/source:/opt/rustwide/workdir:ro,Z" "-v" "/var/lib/crater-agent-workspace/cargo-home:/opt/rustwide/cargo-home:ro,Z" "-v" "/var/lib/crater-agent-workspace/rustup-home:/opt/rustwide/rustup-home:ro,Z" "-e" "SOURCE_DIR=/opt/rustwide/workdir" "-e" "CARGO_TARGET_DIR=/opt/rustwide/target" "-e" "CARGO_INCREMENTAL=0" "-e" "RUST_BACKTRACE=full" "-e" "RUSTFLAGS=--cap-lints=forbid" "-e" "CARGO_HOME=/opt/rustwide/cargo-home" "-e" "RUSTUP_HOME=/opt/rustwide/rustup-home" "-w" "/opt/rustwide/workdir" "-m" "1610612736" "--user" "0:0" "--network" "none" "rustops/crates-build-env@sha256:d92eaeed33fa75130ca1ee6c8a01d1ffb62bac859dfdfb3450e3e5d1c0146529" "/opt/rustwide/cargo-home/bin/cargo" "+72f88fc4e9458f89516a0b8b0868f3718aec5b47" "check" "--frozen" "--all" "--all-targets" "--message-format=json", kill_on_drop: false }`
[INFO] [stdout] dec1bba5534daa47cd1b94edd86fc44585bc4a78b1b1cec6bad79c442b770e2b
[INFO] [stderr] WARNING: Your kernel does not support swap limit capabilities or the cgroup is not mounted. Memory limited without swap.
[INFO] running `Command { std: "docker" "start" "-a" "dec1bba5534daa47cd1b94edd86fc44585bc4a78b1b1cec6bad79c442b770e2b", kill_on_drop: false }`
[INFO] [stderr] warning: dependency (shared) specified without providing a local path, Git repository, or version to use. This will be considered an error in future versions
[INFO] [stderr]    Compiling typenum v1.12.0
[INFO] [stderr]    Compiling libc v0.2.77
[INFO] [stderr]     Checking cfg-if v0.1.10
[INFO] [stderr]     Checking lazy_static v1.4.0
[INFO] [stderr]    Compiling cortex-m v0.6.3
[INFO] [stderr]     Checking scopeguard v1.1.0
[INFO] [stderr]     Checking stable_deref_trait v1.2.0
[INFO] [stderr]    Compiling cortex-m v0.5.10
[INFO] [stderr]     Checking bitfield v0.13.2
[INFO] [stderr]    Compiling memchr v2.3.3
[INFO] [stderr]     Checking ascii v0.9.3
[INFO] [stderr]     Checking enum-set v0.0.8
[INFO] [stderr]    Compiling num-integer v0.1.43
[INFO] [stderr]    Compiling num-bigint v0.2.6
[INFO] [stderr]    Compiling num-complex v0.2.4
[INFO] [stderr]    Compiling num-rational v0.2.4
[INFO] [stderr]    Compiling num-iter v0.1.41
[INFO] [stderr]     Checking volatile-register v0.2.0
[INFO] [stderr]     Checking crossbeam-utils v0.7.2
[INFO] [stderr]    Compiling bare-metal v0.2.5
[INFO] [stderr]     Checking num-traits v0.1.43
[INFO] [stderr]     Checking enum_primitive v0.1.1
[INFO] [stderr]     Checking crossbeam-epoch v0.8.2
[INFO] [stderr]     Checking crossbeam-channel v0.4.4
[INFO] [stderr]     Checking crossbeam-deque v0.7.3
[INFO] [stderr]     Checking num_cpus v1.13.0
[INFO] [stderr]     Checking rand_os v0.1.3
[INFO] [stderr]     Checking rand v0.6.5
[INFO] [stderr]     Checking rayon-core v1.8.0
[INFO] [stderr]     Checking generic-array v0.13.2
[INFO] [stderr]     Checking generic-array v0.12.3
[INFO] [stderr]     Checking rayon v1.4.0
[INFO] [stderr]     Checking as-slice v0.1.3
[INFO] [stderr]     Checking num v0.2.1
[INFO] [stderr]     Checking aligned v0.3.4
[INFO] [stderr]     Checking shared v0.1.2
[INFO] [stderr]     Checking hashbrown v0.5.0
[INFO] [stderr]     Checking project_euler v0.0.1 (/opt/rustwide/workdir)
[INFO] [stdout] error[E0432]: unresolved import `shared::a_star`
[INFO] [stdout]   --> src/bin/81.rs:23:13
[INFO] [stdout]    |
[INFO] [stdout] 23 | use shared::a_star::{Coord, Matrix};
[INFO] [stdout]    |             ^^^^^^ could not find `a_star` in `shared`
[INFO] [stdout] 
[INFO] [stdout] 
[INFO] [stdout] error[E0432]: unresolved import `shared::data_reader`
[INFO] [stdout]   --> src/bin/42.rs:14:5
[INFO] [stdout]    |
[INFO] [stdout] 14 | use shared::data_reader;
[INFO] [stdout]    |     ^^^^^^^^^^^^^^^^^^^ no `data_reader` in the root
[INFO] [stdout] 
[INFO] [stdout] 
[INFO] [stdout] error: aborting due to previous error
[INFO] [stdout] 
[INFO] [stdout] 
[INFO] [stdout] For more information about this error, try `rustc --explain E0432`.
[INFO] [stdout] 
[INFO] [stdout] error[E0432]: unresolved import `shared::digits`
[INFO] [stdout]  --> src/bin/62.rs:9:5
[INFO] [stdout]   |
[INFO] [stdout] 9 | use shared::digits;
[INFO] [stdout]   |     ^^^^^^^^^^^^^^ no `digits` in the root
[INFO] [stdout] 
[INFO] [stdout] 
[INFO] [stderr] error: could not compile `project_euler`.
[INFO] [stderr] 
[INFO] [stderr] To learn more, run the command again with --verbose.
[INFO] [stderr] warning: build failed, waiting for other jobs to finish...
[INFO] [stdout] error[E0432]: unresolved import `shared::data_reader`
[INFO] [stdout]   --> src/bin/22.rs:12:5
[INFO] [stdout]    |
[INFO] [stdout] 12 | use shared::data_reader;
[INFO] [stdout]    |     ^^^^^^^^^^^^^^^^^^^ no `data_reader` in the root
[INFO] [stdout] 
[INFO] [stdout] 
[INFO] [stdout] error[E0432]: unresolved import `shared::pythagorean_triplets`
[INFO] [stdout]   --> src/bin/09.rs:12:5
[INFO] [stdout]    |
[INFO] [stdout] 12 | use shared::pythagorean_triplets;
[INFO] [stdout]    |     ^^^^^^^^^^^^^^^^^^^^^^^^^^^^ no `pythagorean_triplets` in the root
[INFO] [stdout] 
[INFO] [stdout] 
[INFO] [stdout] error: aborting due to previous error
[INFO] [stdout] 
[INFO] [stdout] 
[INFO] [stdout] For more information about this error, try `rustc --explain E0432`.
[INFO] [stdout] 
[INFO] [stdout] error[E0432]: unresolved import `shared::IntegerExtensions`
[INFO] [stdout]   --> src/bin/55.rs:34:5
[INFO] [stdout]    |
[INFO] [stdout] 34 | use shared::IntegerExtensions;
[INFO] [stdout]    |     ^^^^^^^^^^^^^^^^^^^^^^^^^ no `IntegerExtensions` in the root
[INFO] [stdout] 
[INFO] [stdout] 
[INFO] [stdout] error[E0432]: unresolved import `shared::Permutations`
[INFO] [stdout]   --> src/bin/68.rs:25:5
[INFO] [stdout]    |
[INFO] [stdout] 25 | use shared::Permutations;
[INFO] [stdout]    |     ^^^^^^^^^^^^^^^^^^^^ no `Permutations` in the root
[INFO] [stdout] 
[INFO] [stdout] 
[INFO] [stdout] error[E0432]: unresolved import `shared::continued_fraction`
[INFO] [stdout]   --> src/bin/66.rs:24:13
[INFO] [stdout]    |
[INFO] [stdout] 24 | use shared::continued_fraction::convergent_iterator;
[INFO] [stdout]    |             ^^^^^^^^^^^^^^^^^^ could not find `continued_fraction` in `shared`
[INFO] [stdout] 
[INFO] [stdout] 
[INFO] [stdout] error: aborting due to previous error
[INFO] [stdout] 
[INFO] [stdout] 
[INFO] [stdout] For more information about this error, try `rustc --explain E0432`.
[INFO] [stdout] 
[INFO] [stdout] error: aborting due to previous error
[INFO] [stdout] 
[INFO] [stdout] 
[INFO] [stdout] For more information about this error, try `rustc --explain E0432`.
[INFO] [stdout] 
[INFO] [stdout] error[E0432]: unresolved imports `shared::a_star`, `shared::a_star`
[INFO] [stdout]   --> src/bin/82.rs:25:13
[INFO] [stdout]    |
[INFO] [stdout] 25 | use shared::a_star::{self, Traversable};
[INFO] [stdout]    |             ^^^^^^   ^^^^ no `a_star` in the root
[INFO] [stdout]    |             |
[INFO] [stdout]    |             could not find `a_star` in `shared`
[INFO] [stdout] 
[INFO] [stdout] 
[INFO] [stdout] error: aborting due to previous error
[INFO] [stdout] 
[INFO] [stdout] 
[INFO] [stdout] For more information about this error, try `rustc --explain E0432`.
[INFO] [stdout] 
[INFO] [stdout] error: aborting due to previous error
[INFO] [stdout] 
[INFO] [stdout] 
[INFO] [stdout] For more information about this error, try `rustc --explain E0432`.
[INFO] [stdout] 
[INFO] [stdout] warning: this method call currently resolves to `<&[T; N] as IntoIterator>::into_iter` (due to autoref coercions), but that might change in the future when `IntoIterator` impls for arrays are added.
[INFO] [stdout]   --> src/bin/11.rs:80:28
[INFO] [stdout]    |
[INFO] [stdout] 80 |         .map(|slice| slice.into_iter().fold(1, |acc, num| acc * num))
[INFO] [stdout]    |                            ^^^^^^^^^ help: use `.iter()` instead of `.into_iter()` to avoid ambiguity: `iter`
[INFO] [stdout]    |
[INFO] [stdout]    = note: `#[warn(array_into_iter)]` on by default
[INFO] [stdout]    = warning: this was previously accepted by the compiler but is being phased out; it will become a hard error in a future release!
[INFO] [stdout]    = note: for more information, see issue #66145 <https://github.com/rust-lang/rust/issues/66145>
[INFO] [stdout] 
[INFO] [stdout] 
[INFO] [stdout] warning: 1 warning emitted
[INFO] [stdout] 
[INFO] [stdout] 
[INFO] [stdout] error[E0277]: the size for values of type `str` cannot be known at compilation time
[INFO] [stdout]   --> src/bin/42.rs:19:33
[INFO] [stdout]    |
[INFO] [stdout] 19 |     let result = reader.filter(|word| is_triangular_word(&word)).count();
[INFO] [stdout]    |                                 ^^^^ doesn't have a size known at compile-time
[INFO] [stdout]    |
[INFO] [stdout]    = help: the trait `Sized` is not implemented for `str`
[INFO] [stdout]    = help: unsized locals are gated as an unstable feature
[INFO] [stdout] help: function arguments must have a statically known size, borrowed types always have a known size
[INFO] [stdout]    |
[INFO] [stdout] 19 |     let result = reader.filter(|&word| is_triangular_word(&word)).count();
[INFO] [stdout]    |                                 ^
[INFO] [stdout] 
[INFO] [stdout] 
[INFO] [stdout] warning: this method call currently resolves to `<&[T; N] as IntoIterator>::into_iter` (due to autoref coercions), but that might change in the future when `IntoIterator` impls for arrays are added.
[INFO] [stdout]   --> src/bin/23.rs:32:10
[INFO] [stdout]    |
[INFO] [stdout] 32 |         .into_iter()
[INFO] [stdout]    |          ^^^^^^^^^ help: use `.iter()` instead of `.into_iter()` to avoid ambiguity: `iter`
[INFO] [stdout]    |
[INFO] [stdout]    = note: `#[warn(array_into_iter)]` on by default
[INFO] [stdout]    = warning: this was previously accepted by the compiler but is being phased out; it will become a hard error in a future release!
[INFO] [stdout]    = note: for more information, see issue #66145 <https://github.com/rust-lang/rust/issues/66145>
[INFO] [stdout] 
[INFO] [stdout] 
[INFO] [stdout] warning: 1 warning emitted
[INFO] [stdout] 
[INFO] [stdout] 
[INFO] [stdout] error: aborting due to 2 previous errors
[INFO] [stdout] 
[INFO] [stdout] 
[INFO] [stdout] Some errors have detailed explanations: E0277, E0432.
[INFO] [stdout] 
[INFO] [stdout] For more information about an error, try `rustc --explain E0277`.
[INFO] [stdout] 
[INFO] [stdout] error[E0599]: no method named `reverse` found for mutable reference `&mut BigUint` in the current scope
[INFO] [stdout]   --> src/bin/55.rs:47:51
[INFO] [stdout]    |
[INFO] [stdout] 47 |             let new_value = (&*current) + current.reverse();
[INFO] [stdout]    |                                                   ^^^^^^^ method not found in `&mut BigUint`
[INFO] [stdout] 
[INFO] [stdout] 
[INFO] [stdout] error[E0599]: no method named `is_palindrome` found for reference `&BigUint` in the current scope
[INFO] [stdout]   --> src/bin/55.rs:52:31
[INFO] [stdout]    |
[INFO] [stdout] 52 |         .find(|number| number.is_palindrome());
[INFO] [stdout]    |                               ^^^^^^^^^^^^^ method not found in `&BigUint`
[INFO] [stdout] 
[INFO] [stdout] 
[INFO] [stdout] error: aborting due to 3 previous errors
[INFO] [stdout] 
[INFO] [stdout] 
[INFO] [stdout] Some errors have detailed explanations: E0432, E0599.
[INFO] [stdout] 
[INFO] [stdout] For more information about an error, try `rustc --explain E0432`.
[INFO] [stdout] 
[INFO] [stdout] error[E0599]: no method named `permutations` found for struct `SmallVec<[u8; 11]>` in the current scope
[INFO] [stdout]   --> src/bin/68.rs:79:30
[INFO] [stdout]    |
[INFO] [stdout] 79 |     itertools::unfold(digits.permutations(), |state| {
[INFO] [stdout]    |                              ^^^^^^^^^^^^ method not found in `SmallVec<[u8; 11]>`
[INFO] [stdout] 
[INFO] [stdout] 
[INFO] [stdout] error: aborting due to 2 previous errors
[INFO] [stdout] 
[INFO] [stdout] 
[INFO] [stdout] Some errors have detailed explanations: E0432, E0599.
[INFO] [stdout] 
[INFO] [stdout] For more information about an error, try `rustc --explain E0432`.
[INFO] [stdout] 
[INFO] [stderr] error: build failed
[INFO] running `Command { std: "docker" "inspect" "dec1bba5534daa47cd1b94edd86fc44585bc4a78b1b1cec6bad79c442b770e2b", kill_on_drop: false }`
[INFO] running `Command { std: "docker" "rm" "-f" "dec1bba5534daa47cd1b94edd86fc44585bc4a78b1b1cec6bad79c442b770e2b", kill_on_drop: false }`
[INFO] [stdout] dec1bba5534daa47cd1b94edd86fc44585bc4a78b1b1cec6bad79c442b770e2b
